{"id":1071,"date":"2022-04-26T06:48:39","date_gmt":"2022-04-26T06:48:39","guid":{"rendered":"https:\/\/if.com.tr\/?page_id=1071"},"modified":"2022-04-26T06:48:40","modified_gmt":"2022-04-26T06:48:40","slug":"degerler","status":"publish","type":"page","link":"https:\/\/if.com.tr\/index.php\/tr\/degerler\/","title":{"rendered":"De\u011ferler"},"content":{"rendered":"<div id=\"pl-gb1071-69dc2776192db\"  class=\"panel-layout\" ><div id=\"pg-gb1071-69dc2776192db-0\"  class=\"panel-grid panel-no-style\" ><div id=\"pgc-gb1071-69dc2776192db-0-0\"  class=\"panel-grid-cell\" ><div id=\"panel-gb1071-69dc2776192db-0-0-0\" class=\"so-panel widget widget_sow-headline panel-first-child panel-last-child\" data-index=\"0\" ><div class=\"panel-widget-style panel-widget-style-for-gb1071-69dc2776192db-0-0-0\" ><div\n\t\t\t\n\t\t\tclass=\"so-widget-sow-headline so-widget-sow-headline-default-6dfa74230536-1071\"\n\t\t\t\n\t\t><div class=\"sow-headline-container \">\n\t\t\t\t\t\t\t<h2 class=\"sow-headline\">\n\t\t\t\t\t\tSERV\u0130SLER\t\t\t\t\t\t<\/h2>\n\t\t\t\t\t\t\t\t\t\t\t\t<h3 class=\"sow-sub-headline\">\n\t\t\t\t\t\t+ \u00d6l\u00e7me ve De\u011ferlendirme  + \u0130\u015f Geli\u015ftirme  + Sistem Entegrasyonu\t\t\t\t\t\t<\/h3>\n\t\t\t\t\t\t<\/div>\n<\/div><\/div><\/div><\/div><div id=\"pgc-gb1071-69dc2776192db-0-1\"  class=\"panel-grid-cell\" ><div id=\"panel-gb1071-69dc2776192db-0-1-0\" class=\"so-panel widget widget_sow-slider panel-first-child panel-last-child\" data-index=\"1\" ><div\n\t\t\t\n\t\t\tclass=\"so-widget-sow-slider so-widget-sow-slider-default-6d39609536fd-1071\"\n\t\t\t\n\t\t>\t\t\t\t<div class=\"sow-slider-base\" style=\"display: none\" tabindex=\"0\">\n\t\t\t\t\t<ul\n\t\t\t\t\tclass=\"sow-slider-images\"\n\t\t\t\t\tdata-settings=\"{&quot;pagination&quot;:true,&quot;speed&quot;:800,&quot;timeout&quot;:8000,&quot;paused&quot;:false,&quot;pause_on_hover&quot;:false,&quot;swipe&quot;:true,&quot;nav_always_show_desktop&quot;:&quot;&quot;,&quot;nav_always_show_mobile&quot;:&quot;&quot;,&quot;breakpoint&quot;:&quot;780px&quot;,&quot;unmute&quot;:false,&quot;anchor&quot;:null}\"\n\t\t\t\t\t\t\t\t\t\tdata-anchor-id=\"\"\n\t\t\t\t>\t\t<li class=\"sow-slider-image\" style=\"visibility: visible;\" >\n\t\t\t\t\t\t<img loading=\"lazy\" decoding=\"async\" width=\"600\" height=\"600\" src=\"https:\/\/if.com.tr\/wp-content\/uploads\/2022\/04\/Service.png\" class=\"sow-slider-background-image\" alt=\"\" style=\"\" srcset=\"https:\/\/if.com.tr\/wp-content\/uploads\/2022\/04\/Service.png 600w, https:\/\/if.com.tr\/wp-content\/uploads\/2022\/04\/Service-300x300.png 300w, https:\/\/if.com.tr\/wp-content\/uploads\/2022\/04\/Service-150x150.png 150w\" sizes=\"auto, (max-width: 600px) 100vw, 600px\" \/>\t\t<\/li>\n\t\t<\/ul>\t\t\t\t<ol class=\"sow-slider-pagination\">\n\t\t\t\t\t\t\t\t\t\t\t<li><a href=\"#\" data-goto=\"0\" aria-label=\"Display slide 1\"><\/a><\/li>\n\t\t\t\t\t\t\t\t\t<\/ol>\n\n\t\t\t\t<div class=\"sow-slide-nav sow-slide-nav-next\">\n\t\t\t\t\t<a href=\"#\" data-goto=\"next\" aria-label=\"Next slide\" data-action=\"next\">\n\t\t\t\t\t\t<em class=\"sow-sld-icon-thin-right\"><\/em>\n\t\t\t\t\t<\/a>\n\t\t\t\t<\/div>\n\n\t\t\t\t<div class=\"sow-slide-nav sow-slide-nav-prev\">\n\t\t\t\t\t<a href=\"#\" data-goto=\"previous\" aria-label=\"Previous slide\" data-action=\"prev\">\n\t\t\t\t\t\t<em class=\"sow-sld-icon-thin-left\"><\/em>\n\t\t\t\t\t<\/a>\n\t\t\t\t<\/div>\n\t\t\t\t<\/div><\/div><\/div><\/div><\/div><div id=\"pg-gb1071-69dc2776192db-1\"  class=\"panel-grid panel-no-style\" ><div id=\"pgc-gb1071-69dc2776192db-1-0\"  class=\"panel-grid-cell\" ><div id=\"panel-gb1071-69dc2776192db-1-0-0\" class=\"so-panel widget widget_sow-slider panel-first-child panel-last-child\" data-index=\"2\" ><div\n\t\t\t\n\t\t\tclass=\"so-widget-sow-slider so-widget-sow-slider-default-6d39609536fd-1071\"\n\t\t\t\n\t\t>\t\t\t\t<div class=\"sow-slider-base\" style=\"display: none\" tabindex=\"0\">\n\t\t\t\t\t<ul\n\t\t\t\t\tclass=\"sow-slider-images\"\n\t\t\t\t\tdata-settings=\"{&quot;pagination&quot;:true,&quot;speed&quot;:800,&quot;timeout&quot;:8000,&quot;paused&quot;:false,&quot;pause_on_hover&quot;:false,&quot;swipe&quot;:true,&quot;nav_always_show_desktop&quot;:&quot;&quot;,&quot;nav_always_show_mobile&quot;:&quot;&quot;,&quot;breakpoint&quot;:&quot;780px&quot;,&quot;unmute&quot;:false,&quot;anchor&quot;:null}\"\n\t\t\t\t\t\t\t\t\t\tdata-anchor-id=\"\"\n\t\t\t\t>\t\t<li class=\"sow-slider-image\" style=\"visibility: visible;\" >\n\t\t\t\t\t\t<img loading=\"lazy\" decoding=\"async\" width=\"600\" height=\"600\" src=\"https:\/\/if.com.tr\/wp-content\/uploads\/2022\/04\/Expertise.png\" class=\"sow-slider-background-image\" alt=\"\" style=\"\" srcset=\"https:\/\/if.com.tr\/wp-content\/uploads\/2022\/04\/Expertise.png 600w, https:\/\/if.com.tr\/wp-content\/uploads\/2022\/04\/Expertise-300x300.png 300w, https:\/\/if.com.tr\/wp-content\/uploads\/2022\/04\/Expertise-150x150.png 150w\" sizes=\"auto, (max-width: 600px) 100vw, 600px\" \/>\t\t<\/li>\n\t\t<\/ul>\t\t\t\t<ol class=\"sow-slider-pagination\">\n\t\t\t\t\t\t\t\t\t\t\t<li><a href=\"#\" data-goto=\"0\" aria-label=\"Display slide 1\"><\/a><\/li>\n\t\t\t\t\t\t\t\t\t<\/ol>\n\n\t\t\t\t<div class=\"sow-slide-nav sow-slide-nav-next\">\n\t\t\t\t\t<a href=\"#\" data-goto=\"next\" aria-label=\"Next slide\" data-action=\"next\">\n\t\t\t\t\t\t<em class=\"sow-sld-icon-thin-right\"><\/em>\n\t\t\t\t\t<\/a>\n\t\t\t\t<\/div>\n\n\t\t\t\t<div class=\"sow-slide-nav sow-slide-nav-prev\">\n\t\t\t\t\t<a href=\"#\" data-goto=\"previous\" aria-label=\"Previous slide\" data-action=\"prev\">\n\t\t\t\t\t\t<em class=\"sow-sld-icon-thin-left\"><\/em>\n\t\t\t\t\t<\/a>\n\t\t\t\t<\/div>\n\t\t\t\t<\/div><\/div><\/div><\/div><div id=\"pgc-gb1071-69dc2776192db-1-1\"  class=\"panel-grid-cell\" ><div id=\"panel-gb1071-69dc2776192db-1-1-0\" class=\"so-panel widget widget_sow-headline panel-first-child panel-last-child\" data-index=\"3\" ><div class=\"panel-widget-style panel-widget-style-for-gb1071-69dc2776192db-1-1-0\" ><div\n\t\t\t\n\t\t\tclass=\"so-widget-sow-headline so-widget-sow-headline-default-6dfa74230536-1071\"\n\t\t\t\n\t\t><div class=\"sow-headline-container \">\n\t\t\t\t\t\t\t<h2 class=\"sow-headline\">\n\t\t\t\t\t\tUZMANLIKLAR\t\t\t\t\t\t<\/h2>\n\t\t\t\t\t\t\t\t\t\t\t\t<h3 class=\"sow-sub-headline\">\n\t\t\t\t\t\t+ Telekom\u00fcnikasyon  + Finans  + Savunma Sanayii  + End\u00fcstriyel Otomasyon  + Yaz\u0131l\u0131m \u00c7\u00f6z\u00fcmleri  + BT Denetimi  + BT Strateji Planlamas\u0131\t\t\t\t\t\t<\/h3>\n\t\t\t\t\t\t<\/div>\n<\/div><\/div><\/div><\/div><\/div><\/div>","protected":false},"excerpt":{"rendered":"","protected":false},"author":1,"featured_media":0,"parent":0,"menu_order":0,"comment_status":"closed","ping_status":"closed","template":"","meta":{"footnotes":""},"class_list":["post-1071","page","type-page","status-publish","hentry"],"yoast_head":"<!-- This site is optimized with the Yoast SEO plugin v27.3 - https:\/\/yoast.com\/product\/yoast-seo-wordpress\/ -->\n<title>De\u011ferler -<\/title>\n<meta name=\"robots\" content=\"index, follow, max-snippet:-1, max-image-preview:large, max-video-preview:-1\" \/>\n<link rel=\"canonical\" href=\"https:\/\/if.com.tr\/index.php\/tr\/degerler\/\" \/>\n<meta property=\"og:locale\" content=\"tr_TR\" \/>\n<meta property=\"og:type\" content=\"article\" \/>\n<meta property=\"og:title\" content=\"De\u011ferler -\" \/>\n<meta property=\"og:url\" content=\"https:\/\/if.com.tr\/index.php\/tr\/degerler\/\" \/>\n<meta property=\"article:modified_time\" content=\"2022-04-26T06:48:40+00:00\" \/>\n<meta property=\"og:image\" content=\"https:\/\/if.com.tr\/wp-content\/uploads\/2022\/04\/Service.png\" \/>\n<meta name=\"twitter:card\" content=\"summary_large_image\" \/>\n<meta name=\"twitter:label1\" content=\"Tahmini okuma s\u00fcresi\" \/>\n\t<meta name=\"twitter:data1\" content=\"3 dakika\" \/>\n<script type=\"application\/ld+json\" class=\"yoast-schema-graph\">{\"@context\":\"https:\\\/\\\/schema.org\",\"@graph\":[{\"@type\":\"WebPage\",\"@id\":\"https:\\\/\\\/if.com.tr\\\/index.php\\\/tr\\\/degerler\\\/\",\"url\":\"https:\\\/\\\/if.com.tr\\\/index.php\\\/tr\\\/degerler\\\/\",\"name\":\"De\u011ferler -\",\"isPartOf\":{\"@id\":\"https:\\\/\\\/if.com.tr\\\/#website\"},\"primaryImageOfPage\":{\"@id\":\"https:\\\/\\\/if.com.tr\\\/index.php\\\/tr\\\/degerler\\\/#primaryimage\"},\"image\":{\"@id\":\"https:\\\/\\\/if.com.tr\\\/index.php\\\/tr\\\/degerler\\\/#primaryimage\"},\"thumbnailUrl\":\"https:\\\/\\\/if.com.tr\\\/wp-content\\\/uploads\\\/2022\\\/04\\\/Service.png\",\"datePublished\":\"2022-04-26T06:48:39+00:00\",\"dateModified\":\"2022-04-26T06:48:40+00:00\",\"breadcrumb\":{\"@id\":\"https:\\\/\\\/if.com.tr\\\/index.php\\\/tr\\\/degerler\\\/#breadcrumb\"},\"inLanguage\":\"tr\",\"potentialAction\":[{\"@type\":\"ReadAction\",\"target\":[\"https:\\\/\\\/if.com.tr\\\/index.php\\\/tr\\\/degerler\\\/\"]}]},{\"@type\":\"ImageObject\",\"inLanguage\":\"tr\",\"@id\":\"https:\\\/\\\/if.com.tr\\\/index.php\\\/tr\\\/degerler\\\/#primaryimage\",\"url\":\"https:\\\/\\\/if.com.tr\\\/wp-content\\\/uploads\\\/2022\\\/04\\\/Service.png\",\"contentUrl\":\"https:\\\/\\\/if.com.tr\\\/wp-content\\\/uploads\\\/2022\\\/04\\\/Service.png\",\"width\":600,\"height\":600},{\"@type\":\"BreadcrumbList\",\"@id\":\"https:\\\/\\\/if.com.tr\\\/index.php\\\/tr\\\/degerler\\\/#breadcrumb\",\"itemListElement\":[{\"@type\":\"ListItem\",\"position\":1,\"name\":\"Anasayfa\",\"item\":\"https:\\\/\\\/if.com.tr\\\/\"},{\"@type\":\"ListItem\",\"position\":2,\"name\":\"De\u011ferler\"}]},{\"@type\":\"WebSite\",\"@id\":\"https:\\\/\\\/if.com.tr\\\/#website\",\"url\":\"https:\\\/\\\/if.com.tr\\\/\",\"name\":\"\",\"description\":\"\",\"potentialAction\":[{\"@type\":\"SearchAction\",\"target\":{\"@type\":\"EntryPoint\",\"urlTemplate\":\"https:\\\/\\\/if.com.tr\\\/?s={search_term_string}\"},\"query-input\":{\"@type\":\"PropertyValueSpecification\",\"valueRequired\":true,\"valueName\":\"search_term_string\"}}],\"inLanguage\":\"tr\"}]}<\/script>\n<!-- \/ Yoast SEO plugin. -->","yoast_head_json":{"title":"De\u011ferler -","robots":{"index":"index","follow":"follow","max-snippet":"max-snippet:-1","max-image-preview":"max-image-preview:large","max-video-preview":"max-video-preview:-1"},"canonical":"https:\/\/if.com.tr\/index.php\/tr\/degerler\/","og_locale":"tr_TR","og_type":"article","og_title":"De\u011ferler -","og_url":"https:\/\/if.com.tr\/index.php\/tr\/degerler\/","article_modified_time":"2022-04-26T06:48:40+00:00","og_image":[{"url":"https:\/\/if.com.tr\/wp-content\/uploads\/2022\/04\/Service.png","type":"","width":"","height":""}],"twitter_card":"summary_large_image","twitter_misc":{"Tahmini okuma s\u00fcresi":"3 dakika"},"schema":{"@context":"https:\/\/schema.org","@graph":[{"@type":"WebPage","@id":"https:\/\/if.com.tr\/index.php\/tr\/degerler\/","url":"https:\/\/if.com.tr\/index.php\/tr\/degerler\/","name":"De\u011ferler -","isPartOf":{"@id":"https:\/\/if.com.tr\/#website"},"primaryImageOfPage":{"@id":"https:\/\/if.com.tr\/index.php\/tr\/degerler\/#primaryimage"},"image":{"@id":"https:\/\/if.com.tr\/index.php\/tr\/degerler\/#primaryimage"},"thumbnailUrl":"https:\/\/if.com.tr\/wp-content\/uploads\/2022\/04\/Service.png","datePublished":"2022-04-26T06:48:39+00:00","dateModified":"2022-04-26T06:48:40+00:00","breadcrumb":{"@id":"https:\/\/if.com.tr\/index.php\/tr\/degerler\/#breadcrumb"},"inLanguage":"tr","potentialAction":[{"@type":"ReadAction","target":["https:\/\/if.com.tr\/index.php\/tr\/degerler\/"]}]},{"@type":"ImageObject","inLanguage":"tr","@id":"https:\/\/if.com.tr\/index.php\/tr\/degerler\/#primaryimage","url":"https:\/\/if.com.tr\/wp-content\/uploads\/2022\/04\/Service.png","contentUrl":"https:\/\/if.com.tr\/wp-content\/uploads\/2022\/04\/Service.png","width":600,"height":600},{"@type":"BreadcrumbList","@id":"https:\/\/if.com.tr\/index.php\/tr\/degerler\/#breadcrumb","itemListElement":[{"@type":"ListItem","position":1,"name":"Anasayfa","item":"https:\/\/if.com.tr\/"},{"@type":"ListItem","position":2,"name":"De\u011ferler"}]},{"@type":"WebSite","@id":"https:\/\/if.com.tr\/#website","url":"https:\/\/if.com.tr\/","name":"","description":"","potentialAction":[{"@type":"SearchAction","target":{"@type":"EntryPoint","urlTemplate":"https:\/\/if.com.tr\/?s={search_term_string}"},"query-input":{"@type":"PropertyValueSpecification","valueRequired":true,"valueName":"search_term_string"}}],"inLanguage":"tr"}]}},"_links":{"self":[{"href":"https:\/\/if.com.tr\/index.php\/wp-json\/wp\/v2\/pages\/1071","targetHints":{"allow":["GET"]}}],"collection":[{"href":"https:\/\/if.com.tr\/index.php\/wp-json\/wp\/v2\/pages"}],"about":[{"href":"https:\/\/if.com.tr\/index.php\/wp-json\/wp\/v2\/types\/page"}],"author":[{"embeddable":true,"href":"https:\/\/if.com.tr\/index.php\/wp-json\/wp\/v2\/users\/1"}],"replies":[{"embeddable":true,"href":"https:\/\/if.com.tr\/index.php\/wp-json\/wp\/v2\/comments?post=1071"}],"version-history":[{"count":15,"href":"https:\/\/if.com.tr\/index.php\/wp-json\/wp\/v2\/pages\/1071\/revisions"}],"predecessor-version":[{"id":1088,"href":"https:\/\/if.com.tr\/index.php\/wp-json\/wp\/v2\/pages\/1071\/revisions\/1088"}],"wp:attachment":[{"href":"https:\/\/if.com.tr\/index.php\/wp-json\/wp\/v2\/media?parent=1071"}],"curies":[{"name":"wp","href":"https:\/\/api.w.org\/{rel}","templated":true}]}}