{"id":1402,"date":"2022-06-10T19:06:59","date_gmt":"2022-06-10T19:06:59","guid":{"rendered":"https:\/\/if.com.tr\/?page_id=1402"},"modified":"2022-11-19T17:45:06","modified_gmt":"2022-11-19T17:45:06","slug":"history","status":"publish","type":"page","link":"https:\/\/if.com.tr\/index.php\/history\/","title":{"rendered":"History"},"content":{"rendered":"\n<p><\/p>\n\n\n<div id=\"pl-gb1402-69d97731826a9\"  class=\"panel-layout\" ><div id=\"pg-gb1402-69d97731826a9-0\"  class=\"panel-grid panel-no-style\" ><div id=\"pgc-gb1402-69d97731826a9-0-0\"  class=\"panel-grid-cell\" ><div id=\"panel-gb1402-69d97731826a9-0-0-0\" class=\"so-panel widget widget_sow-editor panel-first-child panel-last-child\" data-index=\"0\" ><div\n\t\t\t\n\t\t\tclass=\"so-widget-sow-editor so-widget-sow-editor-base\"\n\t\t\t\n\t\t>\n<div class=\"siteorigin-widget-tinymce textwidget\">\n\t<p>Since its foundation in 1981 in Jeddah, iF Elektronik Ltd. (<b>iF<\/b>) has pioneered in innovation and progress in IT (Information\u00a0Technology). To this end, between 1981-1986 <b>iF<\/b> partnered with Raytheon, Videcom and Elkhreiji in automation of airline\u00a0businesses and flight operators. <b>iF<\/b> worked with more than 100 airline companies including SAUDIA (Saudi Arabian Airlines)\u00a0in automating their reservation, ticketing, boarding and baggaging operations. During this period <b>iF<\/b> also contributed to the\u00a0installation and maintenance of these systems in the newly built Jeddah, Riyadh, Dhahran and Medina Airports.<\/p>\n<p>Between 1986-1990 <b>iF<\/b> partnered with Alhamrani and Diebold in financial systems computerization. Within a couple of\u00a0years <b>iF<\/b> and Alhamrani gained 70% market share in ATM and payment systems having the largest banks in Saudi Arabia as\u00a0its customers including NCB (National Commercial Bank), Riyadh Bank, Al-Rajhi and many others.<\/p>\n<p>After the year 1991 <b>iF<\/b> shifted its operations to Turkey where a big transformation was coming into effect in the use of IT in\u00a0business. Representing Gartner Group, the world leader in IT Advisory in Turkey, iF started independent IT advisory and\u00a0consultancy. Some of the largest companies and organizations including Turkish Airlines, Central Bank of Turkey, \u0130\u015f Bank,\u00a0Turkish Air Forces, Turkcell (largest GSM operator) and big holdings such as Ko\u00e7, Eczac\u0131ba\u015f\u0131 and \u00c7ukurova were among our\u00a0customers (for a complete of references please visit: www.if.com.tr ).<\/p>\n<p>Between June 1996 and May 2001 <b>iF<\/b> contracted with Halkbank (People\u2019s Bank) to provide consultancy in their efforts in\u00a0automation of more than 1000 branches all over Turkey. Transformation from manual systems to full computerization was\u00a0successfully completed at the end of the project. During this period <b>iF<\/b> introduced several new concepts to the IT business\u00a0in Turkey including <b>CIO<\/b> (Chief Information Officer), <b>TCO<\/b> (Total Cost of Ownership), <b>IT Audit <\/b>and <b>Independent\u00a0<\/b><b>Consultancy<\/b>.<\/p>\n<p>Between 2015-2018 together with Alhamrani Group entered into a project for seeking out and evaluating the start-up IT\u00a0companies in the technoparks of Turkey. The purpose of the project was to find out and help in financing and expansion\u00a0into new markets of these small but successful start-ups. During this period all the technoparks in Istanbul and Ankara were\u00a0visited to interview and evaluate more than a 100 new companies with new ideas and technologies.<\/p>\n<p>More recently, <b>iF<\/b> has become more interested in technologies for mobile platforms which is becoming indispensable for all\u00a0kinds of businesses. One of the problems that has come to our attention was the fact that the countries where millions of\u00a0new mobile devices entering every year did not have a means of controlling whether these devices are legally imported or\u00a0not. Illegal importation has caused governments to lose large amounts of tax revenue in terms of VAT and customs duties.<\/p>\n<p>In Turkey this was solved by a system (<b>MEIR <\/b>&#8211; Mobile Equipment Identity Register) developed for the regulatory authority\u00a0and has completely stopped smuggling of mobile devices. <b>iF<\/b> has now undertaken the responsibility to promote MEIR in\u00a0the Middle East, Central Asia and Africa. More than 20 countries have been visited in the region where it has been received\u00a0with great enthusiasm and projects which has slowed down due to the pandemic are about to roll-out in the near future.<\/p>\n<p>Alongside business operations <b>iF<\/b> has been supporting art in Turkey since 1992 under the name <b>iF-Art<\/b>. After 1996 these\u00a0efforts have evolved to one of the largest art collections in the country. Since 2020, the mission is also supported by various\u00a0art projects.<\/p>\n<p>With the purpose to help young and local artists get access to the national and international art scene, <b>iF-Art<\/b> is organizing competitions, providing scholarships and continues to collect art works. Until today, more than 50 scholarships and 100 museum-visits are awarded to successful artists. We are also proud of our art collection which has reached 5000+ works of art. The collection can be visited at <strong><a href=\"http:\/\/art.if.com.tr\">art.if.com.tr<\/a><\/strong>.<\/p>\n<\/div>\n<\/div><\/div><\/div><\/div><\/div>","protected":false},"excerpt":{"rendered":"","protected":false},"author":1,"featured_media":0,"parent":0,"menu_order":0,"comment_status":"closed","ping_status":"closed","template":"","meta":{"footnotes":""},"class_list":["post-1402","page","type-page","status-publish","hentry"],"yoast_head":"<!-- This site is optimized with the Yoast SEO plugin v27.3 - https:\/\/yoast.com\/product\/yoast-seo-wordpress\/ -->\n<title>History -<\/title>\n<meta name=\"robots\" content=\"index, follow, max-snippet:-1, max-image-preview:large, max-video-preview:-1\" \/>\n<link rel=\"canonical\" href=\"https:\/\/if.com.tr\/index.php\/history\/\" \/>\n<meta property=\"og:locale\" content=\"tr_TR\" \/>\n<meta property=\"og:type\" content=\"article\" \/>\n<meta property=\"og:title\" content=\"History -\" \/>\n<meta property=\"og:url\" content=\"https:\/\/if.com.tr\/index.php\/history\/\" \/>\n<meta property=\"article:modified_time\" content=\"2022-11-19T17:45:06+00:00\" \/>\n<meta name=\"twitter:card\" content=\"summary_large_image\" \/>\n<script type=\"application\/ld+json\" class=\"yoast-schema-graph\">{\"@context\":\"https:\\\/\\\/schema.org\",\"@graph\":[{\"@type\":\"WebPage\",\"@id\":\"https:\\\/\\\/if.com.tr\\\/index.php\\\/history\\\/\",\"url\":\"https:\\\/\\\/if.com.tr\\\/index.php\\\/history\\\/\",\"name\":\"History -\",\"isPartOf\":{\"@id\":\"https:\\\/\\\/if.com.tr\\\/#website\"},\"datePublished\":\"2022-06-10T19:06:59+00:00\",\"dateModified\":\"2022-11-19T17:45:06+00:00\",\"breadcrumb\":{\"@id\":\"https:\\\/\\\/if.com.tr\\\/index.php\\\/history\\\/#breadcrumb\"},\"inLanguage\":\"tr\",\"potentialAction\":[{\"@type\":\"ReadAction\",\"target\":[\"https:\\\/\\\/if.com.tr\\\/index.php\\\/history\\\/\"]}]},{\"@type\":\"BreadcrumbList\",\"@id\":\"https:\\\/\\\/if.com.tr\\\/index.php\\\/history\\\/#breadcrumb\",\"itemListElement\":[{\"@type\":\"ListItem\",\"position\":1,\"name\":\"Anasayfa\",\"item\":\"https:\\\/\\\/if.com.tr\\\/\"},{\"@type\":\"ListItem\",\"position\":2,\"name\":\"History\"}]},{\"@type\":\"WebSite\",\"@id\":\"https:\\\/\\\/if.com.tr\\\/#website\",\"url\":\"https:\\\/\\\/if.com.tr\\\/\",\"name\":\"\",\"description\":\"\",\"potentialAction\":[{\"@type\":\"SearchAction\",\"target\":{\"@type\":\"EntryPoint\",\"urlTemplate\":\"https:\\\/\\\/if.com.tr\\\/?s={search_term_string}\"},\"query-input\":{\"@type\":\"PropertyValueSpecification\",\"valueRequired\":true,\"valueName\":\"search_term_string\"}}],\"inLanguage\":\"tr\"}]}<\/script>\n<!-- \/ Yoast SEO plugin. -->","yoast_head_json":{"title":"History -","robots":{"index":"index","follow":"follow","max-snippet":"max-snippet:-1","max-image-preview":"max-image-preview:large","max-video-preview":"max-video-preview:-1"},"canonical":"https:\/\/if.com.tr\/index.php\/history\/","og_locale":"tr_TR","og_type":"article","og_title":"History -","og_url":"https:\/\/if.com.tr\/index.php\/history\/","article_modified_time":"2022-11-19T17:45:06+00:00","twitter_card":"summary_large_image","schema":{"@context":"https:\/\/schema.org","@graph":[{"@type":"WebPage","@id":"https:\/\/if.com.tr\/index.php\/history\/","url":"https:\/\/if.com.tr\/index.php\/history\/","name":"History -","isPartOf":{"@id":"https:\/\/if.com.tr\/#website"},"datePublished":"2022-06-10T19:06:59+00:00","dateModified":"2022-11-19T17:45:06+00:00","breadcrumb":{"@id":"https:\/\/if.com.tr\/index.php\/history\/#breadcrumb"},"inLanguage":"tr","potentialAction":[{"@type":"ReadAction","target":["https:\/\/if.com.tr\/index.php\/history\/"]}]},{"@type":"BreadcrumbList","@id":"https:\/\/if.com.tr\/index.php\/history\/#breadcrumb","itemListElement":[{"@type":"ListItem","position":1,"name":"Anasayfa","item":"https:\/\/if.com.tr\/"},{"@type":"ListItem","position":2,"name":"History"}]},{"@type":"WebSite","@id":"https:\/\/if.com.tr\/#website","url":"https:\/\/if.com.tr\/","name":"","description":"","potentialAction":[{"@type":"SearchAction","target":{"@type":"EntryPoint","urlTemplate":"https:\/\/if.com.tr\/?s={search_term_string}"},"query-input":{"@type":"PropertyValueSpecification","valueRequired":true,"valueName":"search_term_string"}}],"inLanguage":"tr"}]}},"_links":{"self":[{"href":"https:\/\/if.com.tr\/index.php\/wp-json\/wp\/v2\/pages\/1402","targetHints":{"allow":["GET"]}}],"collection":[{"href":"https:\/\/if.com.tr\/index.php\/wp-json\/wp\/v2\/pages"}],"about":[{"href":"https:\/\/if.com.tr\/index.php\/wp-json\/wp\/v2\/types\/page"}],"author":[{"embeddable":true,"href":"https:\/\/if.com.tr\/index.php\/wp-json\/wp\/v2\/users\/1"}],"replies":[{"embeddable":true,"href":"https:\/\/if.com.tr\/index.php\/wp-json\/wp\/v2\/comments?post=1402"}],"version-history":[{"count":6,"href":"https:\/\/if.com.tr\/index.php\/wp-json\/wp\/v2\/pages\/1402\/revisions"}],"predecessor-version":[{"id":1734,"href":"https:\/\/if.com.tr\/index.php\/wp-json\/wp\/v2\/pages\/1402\/revisions\/1734"}],"wp:attachment":[{"href":"https:\/\/if.com.tr\/index.php\/wp-json\/wp\/v2\/media?parent=1402"}],"curies":[{"name":"wp","href":"https:\/\/api.w.org\/{rel}","templated":true}]}}