{"id":1702,"date":"2022-11-16T08:43:06","date_gmt":"2022-11-16T08:43:06","guid":{"rendered":"https:\/\/if.com.tr\/?page_id=1702"},"modified":"2026-04-13T07:26:56","modified_gmt":"2026-04-13T07:26:56","slug":"ete-la","status":"publish","type":"page","link":"https:\/\/if.com.tr\/index.php\/fr\/ete-la\/","title":{"rendered":"\u00c9t\u00e9 l\u00e0"},"content":{"rendered":"\n<figure class=\"wp-block-image alignwide size-large\"><img loading=\"lazy\" decoding=\"async\" width=\"1456\" height=\"1024\" src=\"https:\/\/if.com.tr\/wp-content\/uploads\/2026\/04\/Beenthere-20260413-1456x1024.jpeg\" alt=\"\" class=\"wp-image-1883\" srcset=\"https:\/\/if.com.tr\/wp-content\/uploads\/2026\/04\/Beenthere-20260413-1456x1024.jpeg 1456w, https:\/\/if.com.tr\/wp-content\/uploads\/2026\/04\/Beenthere-20260413-300x211.jpeg 300w, https:\/\/if.com.tr\/wp-content\/uploads\/2026\/04\/Beenthere-20260413-768x540.jpeg 768w, https:\/\/if.com.tr\/wp-content\/uploads\/2026\/04\/Beenthere-20260413-1536x1080.jpeg 1536w, https:\/\/if.com.tr\/wp-content\/uploads\/2026\/04\/Beenthere-20260413.jpeg 1600w\" sizes=\"auto, (max-width: 1456px) 100vw, 1456px\" \/><\/figure>\n","protected":false},"excerpt":{"rendered":"","protected":false},"author":1,"featured_media":0,"parent":0,"menu_order":0,"comment_status":"closed","ping_status":"closed","template":"","meta":{"footnotes":""},"class_list":["post-1702","page","type-page","status-publish","hentry"],"yoast_head":"<!-- This site is optimized with the Yoast SEO plugin v27.4 - https:\/\/yoast.com\/product\/yoast-seo-wordpress\/ -->\n<title>\u00c9t\u00e9 l\u00e0 -<\/title>\n<meta name=\"robots\" content=\"index, follow, max-snippet:-1, max-image-preview:large, max-video-preview:-1\" \/>\n<link rel=\"canonical\" href=\"https:\/\/if.com.tr\/index.php\/fr\/ete-la\/\" \/>\n<meta property=\"og:locale\" content=\"tr_TR\" \/>\n<meta property=\"og:type\" content=\"article\" \/>\n<meta property=\"og:title\" content=\"\u00c9t\u00e9 l\u00e0 -\" \/>\n<meta property=\"og:url\" content=\"https:\/\/if.com.tr\/index.php\/fr\/ete-la\/\" \/>\n<meta property=\"article:modified_time\" content=\"2026-04-13T07:26:56+00:00\" \/>\n<meta property=\"og:image\" content=\"https:\/\/if.com.tr\/wp-content\/uploads\/2026\/04\/Beenthere-20260413.jpeg\" \/>\n\t<meta property=\"og:image:width\" content=\"1600\" \/>\n\t<meta property=\"og:image:height\" content=\"1125\" \/>\n\t<meta property=\"og:image:type\" content=\"image\/jpeg\" \/>\n<meta name=\"twitter:card\" content=\"summary_large_image\" \/>\n<script type=\"application\/ld+json\" class=\"yoast-schema-graph\">{\"@context\":\"https:\\\/\\\/schema.org\",\"@graph\":[{\"@type\":\"WebPage\",\"@id\":\"https:\\\/\\\/if.com.tr\\\/index.php\\\/fr\\\/ete-la\\\/\",\"url\":\"https:\\\/\\\/if.com.tr\\\/index.php\\\/fr\\\/ete-la\\\/\",\"name\":\"\u00c9t\u00e9 l\u00e0 -\",\"isPartOf\":{\"@id\":\"https:\\\/\\\/if.com.tr\\\/#website\"},\"primaryImageOfPage\":{\"@id\":\"https:\\\/\\\/if.com.tr\\\/index.php\\\/fr\\\/ete-la\\\/#primaryimage\"},\"image\":{\"@id\":\"https:\\\/\\\/if.com.tr\\\/index.php\\\/fr\\\/ete-la\\\/#primaryimage\"},\"thumbnailUrl\":\"https:\\\/\\\/if.com.tr\\\/wp-content\\\/uploads\\\/2026\\\/04\\\/Beenthere-20260413-1456x1024.jpeg\",\"datePublished\":\"2022-11-16T08:43:06+00:00\",\"dateModified\":\"2026-04-13T07:26:56+00:00\",\"breadcrumb\":{\"@id\":\"https:\\\/\\\/if.com.tr\\\/index.php\\\/fr\\\/ete-la\\\/#breadcrumb\"},\"inLanguage\":\"tr\",\"potentialAction\":[{\"@type\":\"ReadAction\",\"target\":[\"https:\\\/\\\/if.com.tr\\\/index.php\\\/fr\\\/ete-la\\\/\"]}]},{\"@type\":\"ImageObject\",\"inLanguage\":\"tr\",\"@id\":\"https:\\\/\\\/if.com.tr\\\/index.php\\\/fr\\\/ete-la\\\/#primaryimage\",\"url\":\"https:\\\/\\\/if.com.tr\\\/wp-content\\\/uploads\\\/2026\\\/04\\\/Beenthere-20260413.jpeg\",\"contentUrl\":\"https:\\\/\\\/if.com.tr\\\/wp-content\\\/uploads\\\/2026\\\/04\\\/Beenthere-20260413.jpeg\",\"width\":1600,\"height\":1125},{\"@type\":\"BreadcrumbList\",\"@id\":\"https:\\\/\\\/if.com.tr\\\/index.php\\\/fr\\\/ete-la\\\/#breadcrumb\",\"itemListElement\":[{\"@type\":\"ListItem\",\"position\":1,\"name\":\"Anasayfa\",\"item\":\"https:\\\/\\\/if.com.tr\\\/\"},{\"@type\":\"ListItem\",\"position\":2,\"name\":\"\u00c9t\u00e9 l\u00e0\"}]},{\"@type\":\"WebSite\",\"@id\":\"https:\\\/\\\/if.com.tr\\\/#website\",\"url\":\"https:\\\/\\\/if.com.tr\\\/\",\"name\":\"\",\"description\":\"\",\"potentialAction\":[{\"@type\":\"SearchAction\",\"target\":{\"@type\":\"EntryPoint\",\"urlTemplate\":\"https:\\\/\\\/if.com.tr\\\/?s={search_term_string}\"},\"query-input\":{\"@type\":\"PropertyValueSpecification\",\"valueRequired\":true,\"valueName\":\"search_term_string\"}}],\"inLanguage\":\"tr\"}]}<\/script>\n<!-- \/ Yoast SEO plugin. -->","yoast_head_json":{"title":"\u00c9t\u00e9 l\u00e0 -","robots":{"index":"index","follow":"follow","max-snippet":"max-snippet:-1","max-image-preview":"max-image-preview:large","max-video-preview":"max-video-preview:-1"},"canonical":"https:\/\/if.com.tr\/index.php\/fr\/ete-la\/","og_locale":"tr_TR","og_type":"article","og_title":"\u00c9t\u00e9 l\u00e0 -","og_url":"https:\/\/if.com.tr\/index.php\/fr\/ete-la\/","article_modified_time":"2026-04-13T07:26:56+00:00","og_image":[{"width":1600,"height":1125,"url":"https:\/\/if.com.tr\/wp-content\/uploads\/2026\/04\/Beenthere-20260413.jpeg","type":"image\/jpeg"}],"twitter_card":"summary_large_image","schema":{"@context":"https:\/\/schema.org","@graph":[{"@type":"WebPage","@id":"https:\/\/if.com.tr\/index.php\/fr\/ete-la\/","url":"https:\/\/if.com.tr\/index.php\/fr\/ete-la\/","name":"\u00c9t\u00e9 l\u00e0 -","isPartOf":{"@id":"https:\/\/if.com.tr\/#website"},"primaryImageOfPage":{"@id":"https:\/\/if.com.tr\/index.php\/fr\/ete-la\/#primaryimage"},"image":{"@id":"https:\/\/if.com.tr\/index.php\/fr\/ete-la\/#primaryimage"},"thumbnailUrl":"https:\/\/if.com.tr\/wp-content\/uploads\/2026\/04\/Beenthere-20260413-1456x1024.jpeg","datePublished":"2022-11-16T08:43:06+00:00","dateModified":"2026-04-13T07:26:56+00:00","breadcrumb":{"@id":"https:\/\/if.com.tr\/index.php\/fr\/ete-la\/#breadcrumb"},"inLanguage":"tr","potentialAction":[{"@type":"ReadAction","target":["https:\/\/if.com.tr\/index.php\/fr\/ete-la\/"]}]},{"@type":"ImageObject","inLanguage":"tr","@id":"https:\/\/if.com.tr\/index.php\/fr\/ete-la\/#primaryimage","url":"https:\/\/if.com.tr\/wp-content\/uploads\/2026\/04\/Beenthere-20260413.jpeg","contentUrl":"https:\/\/if.com.tr\/wp-content\/uploads\/2026\/04\/Beenthere-20260413.jpeg","width":1600,"height":1125},{"@type":"BreadcrumbList","@id":"https:\/\/if.com.tr\/index.php\/fr\/ete-la\/#breadcrumb","itemListElement":[{"@type":"ListItem","position":1,"name":"Anasayfa","item":"https:\/\/if.com.tr\/"},{"@type":"ListItem","position":2,"name":"\u00c9t\u00e9 l\u00e0"}]},{"@type":"WebSite","@id":"https:\/\/if.com.tr\/#website","url":"https:\/\/if.com.tr\/","name":"","description":"","potentialAction":[{"@type":"SearchAction","target":{"@type":"EntryPoint","urlTemplate":"https:\/\/if.com.tr\/?s={search_term_string}"},"query-input":{"@type":"PropertyValueSpecification","valueRequired":true,"valueName":"search_term_string"}}],"inLanguage":"tr"}]}},"_links":{"self":[{"href":"https:\/\/if.com.tr\/index.php\/wp-json\/wp\/v2\/pages\/1702","targetHints":{"allow":["GET"]}}],"collection":[{"href":"https:\/\/if.com.tr\/index.php\/wp-json\/wp\/v2\/pages"}],"about":[{"href":"https:\/\/if.com.tr\/index.php\/wp-json\/wp\/v2\/types\/page"}],"author":[{"embeddable":true,"href":"https:\/\/if.com.tr\/index.php\/wp-json\/wp\/v2\/users\/1"}],"replies":[{"embeddable":true,"href":"https:\/\/if.com.tr\/index.php\/wp-json\/wp\/v2\/comments?post=1702"}],"version-history":[{"count":11,"href":"https:\/\/if.com.tr\/index.php\/wp-json\/wp\/v2\/pages\/1702\/revisions"}],"predecessor-version":[{"id":1886,"href":"https:\/\/if.com.tr\/index.php\/wp-json\/wp\/v2\/pages\/1702\/revisions\/1886"}],"wp:attachment":[{"href":"https:\/\/if.com.tr\/index.php\/wp-json\/wp\/v2\/media?parent=1702"}],"curies":[{"name":"wp","href":"https:\/\/api.w.org\/{rel}","templated":true}]}}